 Let n be f(-4). Let y = a + n. What is the tens digit of y?
1
What is the units digit of 207 - (6 - 4 - 3)*1?
8
Let p(v) = -v**3 + 4*v**2 + 2. Let j be p(4). Suppose -5*l + j*b + 58 = -101, -l + 37 = -3*b. What is the units digit of l?
1
Let o(f) = -f**2 - 4*f. Let x be o(-4). Let a(j) be the third derivative of j**4/24 + 2*j**3/3 - 2*j**2. What is the units digit of a(x)?
4
Suppose 29*z = 27*z + 22. Suppose o = -2*o - 3*k + 33, -o - 9 = 5*k. Let i = o - z. What is the units digit of i?
5
Suppose a - 12 = 3*z, 3*a + 0*a - 4*z - 26 = 0. Suppose -4*m - 26 = -2*x, -a*x + x + m = -29. What is the units digit of x?
5
Suppose 0 = 3*k - 19 - 59. What is the tens digit of k?
2
Suppose -o = -2*x + 20, 5*x + 0*o - 4*o - 56 = 0. What is the units digit of x?
8
Let g(a) = -a + 1. What is the units digit of g(-7)?
8
Suppose -f + 0*f + 12 = 0. Suppose -j + f = -3*i, -2*j - 2*i = j + 19. What is the units digit of -6*(-3)/j*-1?
6
Let i(a) = 2*a. Let d be i(1). Suppose -d*m - 2*m = 2*x + 2, 3*m - 1 = -4*x. What is the units digit of (-5)/(1/(-1)) + x?
6
What is the units digit of (6/(-12))/(2/(-8))?
2
Let x(b) be the first derivative of -4*b**2 - b + 1. Suppose -3*l = 2*u - 9 - 4, 0 = -3*u + 2*l - 13. What is the units digit of x(u)?
7
Suppose -5*j + 2 = -3. Let f(t) be the second derivative of 3*t**4/4 + t**2/2 - 2*t. What is the tens digit of f(j)?
1
Let d(z) = z**2 + z + 5. Let g(i) = 4*i**2 - 4*i + 3. Let n be g(2). Let q(y) = 6*y**2 + 6*y + 24. Let l(m) = n*d(m) - 2*q(m). What is the units digit of l(0)?
7
Suppose -g + 5*a = 7, 2*g = -3*a - a + 42. Let p = g + -6. What is the units digit of p?
7
Let j(x) = x**2 - 7*x. Let o be j(7). Suppose 0 = -3*s - o*s - 3*n + 21, 5*s + 3*n = 29. What is the units digit of s?
4
Let i = -9 + 13. Suppose i*c = 2*c + 16. What is the units digit of c?
8
Let v = 2 - 3. What is the units digit of (-5 + 1 + 2)/v?
2
Let d(z) = z**2 - 1. Let v(g) = g**2 - 3*g - 6. Let n be v(5). What is the units digit of d(n)?
5
Let i(q) = 2*q**2 - 8*q + 7. Let w(t) = 2*t**2 + t - 1. Let u be w(-2). What is the tens digit of i(u)?
1
Let p(z) = -2*z**3 - 25*z**2 - 27*z - 14. Let d(s) = -3*s**3 - 38*s**2 - 41*s - 21. Let h(u) = 5*d(u) - 7*p(u). What is the units digit of h(-14)?
1
What is the units digit of ((-246)/15)/((-10)/25)?
1
Let x(m) = 2*m - 2*m - 6 - 6*m**2 + m**3 - 6*m + m. What is the units digit of x(7)?
8
Suppose -2 = -5*y + 23. Suppose 0*i + 4 = 3*i + w, -w = y. What is the units digit of i?
3
Let a(s) = 2*s**2 + 2*s - 15. What is the units digit of a(3)?
9
Let a = -22 - -3. Let b = -13 - a. What is the units digit of b?
6
Suppose 2*t + 6 - 16 = 0. What is the units digit of (t/(-4))/((-8)/96)?
5
Let z(r) = r - 5. Let x be z(10). Suppose -4*c = -8*h + 4*h + 72, -3*h + x*c + 62 = 0. What is the tens digit of h?
1
Let y(o) = 2*o**2 + 3*o + 1. Suppose 3*j + 5 = 2*h, 4*h - 2*j - 1 = j. Let c be y(h). Let u = 0 + c. What is the units digit of u?
3
Let v(o) = 5*o**3 + 2*o**2 + 4*o - 9. What is the hundreds digit of v(3)?
1
Let p be 3*2/6*18. Suppose -2*i + 14 + p = 2*s, 4*i = 4*s + 64. What is the units digit of i?
6
Let a(s) = -3 + 10*s + 6*s**2 + 0*s**2 - s**3 + 0*s**3. Let h be (4/6)/((-4)/(-42)). What is the tens digit of a(h)?
1
Suppose -143 = 163*w - 164*w. What is the units digit of w?
3
Suppose -4*g + 18 = -14. Let h be g/(-4)*(-1 - 0). Let z(a) = 3*a + 2. What is the units digit of z(h)?
8
Let h = 69 - -24. What is the tens digit of h?
9
What is the tens digit of 32 + (0 - 4)*1?
2
Let s(h) = -5*h + 4. Let o be s(-6). What is the tens digit of -1 + (o + 2)/3?
1
Let c = 33 - 15. What is the units digit of c?
8
Let w(f) be the first derivative of f**7/840 - f**6/72 + f**5/60 + f**4/4 + f**3 + 1. Let l(x) be the third derivative of w(x). What is the units digit of l(5)?
6
Let w = -21 - -31. What is the tens digit of 376/w + (-14)/(-35)?
3
Suppose 0*h - 2*h = -2. What is the units digit of (4 - 26)/(h + -3)?
1
Suppose -4*k + 29 = -35. Suppose -5*n = 1 - k. Let f(d) = d**2 + d - 3. What is the units digit of f(n)?
9
Suppose -2*g = -3*g. Suppose 4*s + 34 = 5*s. Suppose g = 2*d + 4, -2*t + s = t - 2*d. What is the units digit of t?
0
Suppose -2*n - 2*v + 242 = -4*v, -3*v + 121 = n. What is the units digit of n?
1
Suppose -4*w + 752 = 4*v, -2*w + 25 + 537 = 3*v. What is the units digit of v?
6
Let t(x) = -x - 4. Let a be t(-4). Suppose -2*k + 4*k - 30 = a. What is the units digit of k?
5
Let t be (-39)/2 + 6/4. Let c be (-2)/8 - t/8. What is the units digit of 1 - (-5)/2*c?
6
Let o = -28 + 45. Suppose 0 = -a + 4*h - 10, -2*h + h = a. Let v = o + a. What is the units digit of v?
5
Suppose 3*i - 3*y = 2*i + 43, 0 = -5*i + y + 271. What is the tens digit of i?
5
Let t(c) = 14*c**2 - 3*c + 2. What is the tens digit of t(2)?
5
Suppose 11 = 2*i - 1. Suppose 5*p + i = -19. Let g = p - -22. What is the units digit of g?
7
Let y be (2 + (-5)/2)*6. Let u be (y - -1) + -1 + 32. Suppose 0 = 3*x - u - 4. What is the tens digit of x?
1
Let g = 3 + 6. Let f(c) = c**2 - 4*c. What is the units digit of f(g)?
5
Let d be 41 + 2*(-3)/6. Suppose 4*q = 2*q + 2, 7 = 2*f - 5*q. Suppose -f*j = -j - d. What is the units digit of j?
8
Let a = 83 - 48. What is the tens digit of a?
3
Suppose 0 = -8*m + 13*m - 10. Suppose 0*l = -m*l + 44. What is the tens digit of l?
2
Suppose 8 = -5*p - 0*d - 4*d, p - 8 = 4*d. Let h = p - -4. Let o = 7 - h. What is the units digit of o?
3
Let r(g) = 2*g**2 - 3*g. Let h be r(2). Suppose -h*b + 6 = -0*b. Suppose 5*a = -b*k + 21, -2*k - 15 = 3*k. What is the units digit of a?
6
Let p = 1 + 1. Suppose 53 = p*m + 2*m - 5*k, -4*m = -k - 49. What is the units digit of m?
2
Let t = -4 + 5. Suppose -a + 4 = t. Let y(s) = -s**3 + 3*s**2 + s + 2. What is the units digit of y(a)?
5
Suppose 217 = -4*f - 179. Let j = f - -145. What is the units digit of j?
6
Suppose 0 = 3*k - 66 - 108. Suppose -5*g + k = -2*i, -g = 4*g + 5*i - 30. What is the units digit of g?
0
Let p be (-8)/10*105/6. What is the units digit of 4/p - 390/(-91)?
4
Suppose -3*c = -0*k + k + 12, 0 = 4*k + 2*c + 58. Let z be ((-6)/(-4))/(k/(-20)). Suppose z*v + 2*l - 38 = -v, -3*v - l = -34. What is the units digit of v?
0
Suppose 4*d = -d + 75. What is the units digit of d?
5
Let d(z) = z - 9 + 7 + 14 + 0*z. What is the units digit of d(-11)?
1
Let u(v) = -v**3 + v**2 - 2*v + 1. What is the tens digit of u(-6)?
6
Let f be (-2 + 1)*1 + -1. Let r(h) = -h**2 - 2*h + 1. What is the units digit of r(f)?
1
Let b = 3 + -1. Suppose 0 = -2*t + b. What is the units digit of t?
1
Let b = 12 - 16. What is the tens digit of 54 + (0 - 4) - b?
5
Let w be (-8)/(-28) + (-38)/(-14). Suppose -1 - w = -r. Suppose -9*p = -r*p - 25. What is the units digit of p?
5
Suppose -4*n - b = -98, 5*b = -0*n - n + 34. Suppose 6*f - 5*f = n. What is the units digit of f?
4
Let h = -7 - -11. Suppose -h*x = -3*p - 22, -5*p + 0*x - 29 = x. Let i(w) = -w**3 - 5*w**2 + 6*w + 5. What is the units digit of i(p)?
5
Let d(p) = p**3 - 5*p**2 - 6*p + 1. Let w be d(6). Let i be w/(0 - (-1)/3). Suppose 27 = i*y - 2*q, 5*q = 3*y - 21 - 15. What is the units digit of y?
7
Let o be 3 + (1 - 0/1). Suppose 0*a + 160 = o*a. Suppose 6*p = 4*p + a. What is the tens digit of p?
2
Suppose -v + 2*o = -106, -4*v + 3*o + 523 = v. What is the tens digit of v?
0
Suppose -619 = -9*s + 254. What is the tens digit of s?
9
Suppose 0 = a - 7 - 3. Let j = -6 + a. Suppose -j*b + 41 = 9. What is the units digit of b?
8
Suppose 884 = 12*a - 1060. What is the units digit of a?
2
Let j be 100/45 + (-4)/18. Let b = j - -11. What is the tens digit of b?
1
Let p = 3 + 7. What is the tens digit of p?
1
Let l(h) = h + 4. Let s be l(8). Let k = s + -9. What is the units digit of k?
3
Let s be 0/(1/(-3 + 2)). Let p be s/((-1)/(3/6)). Suppose 3*t - 2 - 16 = p. What is the units digit of t?
6
Let u(z) be the first derivative of -z**2/2 - 2*z + 2. Let j be u(0). What is the units digit of 3/j*8/(-6)?
2
What is the units digit of ((-712)/(-12) - -1)/((-3)/(-9))?
1
Let m be -3 + (-14)/4*-2. Suppose 8 = m*c - 16. What is the units digit of c?
6
What is the tens digit of (-346)/(-6)*((-7)/7 - -7)?
4
Let g = -17 + 33. Let f(z) = z**3 - 11*z**2 + 9*z + 1. Let u be f(10). Let w = u + g. What is the units digit of w?
7
Suppose 0 = -21*b + 15*b + 126. What is the 